ltiple of 35?
False
Does 26 divide 49337693?
False
Is 8 a factor of 368325640?
True
Does 16 divide 31246610?
False
Is 319834341 a multiple of 239?
True
Is 136050653 a multiple of 40?
False
Is 69913740 a multiple of 15?
True
Is 6913690 a multiple of 33?
False
Is 72371250 a multiple of 428?
False
Does 340 divide 30689838?
False
Is 172514349 a multiple of 21?
True
Is 3697927197 a multiple of 4413?
False
Is 917053 a multiple of 79?
False
Does 822 divide 927441228?
True
Is 728337137 a multiple of 73?
False
Is 109333474 a multiple of 20?
False
Is 516560684 a multiple of 1258?
False
Is 375 a factor of 17261893?
False
Does 558 divide 2591902314?
False
Does 557 divide 3466391?
False
Is 562589440 a multiple of 6176?
False
Is 32971483 a multiple of 724?
False
Does 366 divide 66966220?
False
Is 14039760 a multiple of 840?
True
Is 1201 a factor of 538605811?
False
Is 23 a factor of 193067244?
True
Does 13 divide 3069492169?
False
Is 53211222 a multiple of 130?
False
Does 28 divide 20310332?
True
Is 69 a factor of 2076636627?
True
Does 444 divide 781218444?
True
Is 19305238 a multiple of 45?
False
Is 325595167 a multiple of 652?
False
Does 14 divide 18967637?
False
Is 41159034 a multiple of 674?
False
Is 40902032 a multiple of 998?
True
Is 1806 a factor of 2991960468?
True
Is 14 a factor of 62661102?
True
Is 602585 a multiple of 3?
False
Is 11868700 a multiple of 20?
True
Is 120 a factor of 2280790664?
False
Is 10 a factor of 500918232?
False
Is 1994173591 a multiple of 23?
False
Is 4595542992 a multiple of 12?
True
Is 65 a factor of 71343032?
False
Is 123 a factor of 1165059077?
False
Is 399 a factor of 1644788124?
True
Is 60053297 a multiple of 333?
False
Is 6357 a factor of 143707541?
False
Does 315 divide 36352889?
False
Is 34090165 a multiple of 136?
False
Is 4385664 a multiple of 384?
True
Does 10942 divide 2974547238?
False
Does 144 divide 87927585?
False
Does 55 divide 839050718?
False
Is 48 a factor of 1207446576?
True
Is 10158128 a multiple of 12?
False
Is 11824 a factor of 76508759?
False
Is 2728 a factor of 40753592?
True
Does 2538 divide 204981570?
True
Is 73 a factor of 8699410?
True
Does 22 divide 141553368?
True
Does 9 divide 1557314692?
False
Does 82 divide 152509176?
True
Is 719 a factor of 24714187?
True
Does 151 divide 127755664?
True
Is 60601525 a multiple of 1325?
True
Is 63 a factor of 13055957?
False
Is 10 a factor of 19432500?
True
Does 542 divide 9986626?
False
Is 38 a factor of 84915940?
True
Is 11908125 even?
False
Does 52 divide 19247855?
False
Is 134 a factor of 234098?
True
Does 12 divide 228980122?
False
Does 23 divide 16890534?
False
Is 7369416 a multiple of 2?
True
Is 42140826 a multiple of 31?
False
Is 4591275 a multiple of 25?
True
Is 22 a factor of 7657844?
False
Is 256670375 a multiple of 25?
True
Is 1175 a factor of 3868968?
False
Is 241 a factor of 72802244?
True
Is 332 a factor of 115193286?
False
Is 710370103 a multiple of 21?
False
Does 21 divide 12237098?
False
Is 746613665 a multiple of 1783?
False
Is 3435635527 a multiple of 4011?
False
Does 6 divide 79432867?
False
Does 13 divide 98275125?
True
Is 55 a factor of 36473470?
True
Is 92 a factor of 11324280?
True
Does 1983 divide 210452328?
False
Does 18 divide 3947581?
False
Is 53846104 a multiple of 294?
False
Is 30 a factor of 38003520?
True
Is 4 a factor of 13585836?
True
Is 390134524 a multiple of 76?
True
Is 288 a factor of 427680?
True
Is 50257910 a multiple of 14?
False
Is 10 a factor of 4006219?
False
Is 44501802 a multiple of 300?
False
Is 1906611496 a multiple of 234?
False
Is 848 a factor of 177983825?
False
Is 5092 a factor of 534339204?
True
Is 76382931 a multiple of 17?
False
Does 231 divide 35813085?
True
Is 27 a factor of 4661329?
False
Is 20 a factor of 2512426680?
True
Is 529 a factor of 613617782?
True
Is 4409206739 a multiple of 1118?
False
Is 1094756564 a multiple of 16?
False
Is 810 a factor of 161737560?
True
Is 176113382 a multiple of 11?
False
Is 2 a factor of 4570627?
False
Does 59 divide 53858132?
False
Does 57 divide 24540310?
False
Does 37 divide 512902806?
True
Is 33 a factor of 2577393588?
True
Is 1141 a factor of 10805518?
False
Is 182 a factor of 80744970?
False
Does 7 divide 5652339?
True
Does 8 divide 12333608?
True
Is 18723482 a multiple of 927?
False
Does 35 divide 216428322?
False
Does 1425 divide 800594925?
True
Is 1159 a factor of 2561958071?
False
Does 337 divide 7303650?
False
Does 271 divide 80567914?
False
Does 40 divide 18695838?
False
Is 141214359 a multiple of 201?
True
Is 27 a factor of 22924917?
True
Is 596 a factor of 375084?
False
Is 213418797 a multiple of 97?
False
Is 245094184 a multiple of 186?
False
Does 19 divide 33841402?
False
Is 63 a factor of 44579682?
True
Is 97887088 a multiple of 494?
True
Is 12 a factor of 346571388?
True
Is 292 a factor of 12045000?
True
Is 20 a factor of 105868580?
True
Is 18 a factor of 26343522?
True
Is 166430816 a multiple of 16?
True
Is 161 a factor of 116573660?
True
Is 224 a factor of 9828896?
True
Is 1711590429 a multiple of 120?
False
Does 56 divide 984015767?
False
Is 1060 a factor of 1704190620?
True
Is 181 a factor of 7294287?
False
Is 128464661 a multiple of 871?
True
Is 468533356 a multiple of 4244?
True
Is 33323421 a multiple of 33?
False
Does 2338 divide 4290230?
True
Does 2708 divide 353096120?
True
Does 39 divide 2165321145?
True
Does 6 divide 94442826?
True
Is 9 a factor of 50890941?
True
Is 33 a factor of 9416186?
False
Does 9 divide 475575939?
True
Is 280 a factor of 1766273123?
False
Is 49502950 a multiple of 670?
True
Is 2100215 a multiple of 13?
True
Is 3514752 a multiple of 54?
True
Does 7 divide 28153209?
True
Does 692 divide 552216?
True
Does 5817 divide 1040190123?
True
Is 376869950 a multiple of 410?
True
Is 4522 a factor of 563003238?
False
Is 51 a factor of 2130199?
False
Does 477 divide 2040977106?
True
Is 72 a factor of 108773856?
True
Is 105 a factor of 51228870?
True
Is 122491720 a multiple of 10?
True
Does 16 divide 133056?
True
Is 39933648 a multiple of 162?
True
Is 58 a factor of 710821507?
False
Does 5 divide 3412805?
True
Does 334 divide 20499918?
True
Is 193 a factor of 356513240?
False
Does 56 divide 1694260252?
False
Does 1240 divide 60361212?
False
Is 671487676 a multiple of 888?
False
Does 5 divide 213790905?
True
Does 307 divide 341430664?
True
Does 413 divide 139219409?
True
Is 1362 a factor of 607130978?
False
Is 21375960 a multiple of 469?
False
Is 95 a factor of 876758705?
True
Does 78 divide 241632378?
True
Does 996 divide 587710716?
True
Is 21790743 a multiple of 111?
True
Does 1213 divide 213326594?
False
Is 46542120 a multiple of 1194?
True
Does 8 divide 9224728?
True
Does 3 divide 1467039?
True
Does 179 divide 70926781?
True
Is 2117412 a multiple of 99?
True
Is 1420116580 a multiple of 137?
False
Does 21 divide 219404103?
False
Does 5 divide 493766600?
True
Is 173041704 a multiple of 54?
True
Is 3313706 a multiple of 11?
True
Is 777125470 a multiple of 260?
False
Does 20 divide 62053216?
False
Is 11 a factor of 89883233?
True
Does 4 divide 32044596?
True
Is 46929024 a multiple of 2368?
True
Is 150160097 a multiple of 15?
False
Is 156132130 a multiple of 2408?
False
Is 3395459008 a multiple of 661?
False
Is 2683757505 a multiple of 2145?
True
Is 69 a factor of 236124831?
True
Does 751 divide 413320360?
True
Is 12 a factor of 3238250643?
False
Is 26789399 a multiple of 13?
True
Is 3973326 a multiple of 14?
True
Does 7 divide 1668874?
False
Is 805 a factor of 1182137010?
False
Is 1402839928 a multiple of 574?
True
Is 41840141 a multiple of 2339?
False
Does 3429 divide 2555595981?
True
Does 14 divide 105862766?
False
Is 47382792 a multiple of 74?
True
Does 14 divide 407666303?
False
Is 49 a factor of 21230916?
True
Is 15188976 a multiple of 99?
True
Does 2892 divide 2088817641?
False
Does 13 divide 37527516?
True
Does 92 divide 23257125?
False
Is 1418412 a multiple of 289?
True
Is 75392592 a multiple of 33?
True
Is 7377242 a multiple of 101?
True
Is 370891195 a multiple of 1041?
False
Is 34 a factor of 357471070?
True
Does 161 divide 892516541?
True
Is 297745378 a multiple of 7?
True
Is 626 a factor of 805176850?
True
Is 135103650 a multiple of 2035?
True
Does 289 divide 3203328?
False
Is 254569714 a multiple of 58?
True
Does 2